0261987227 prime?
True
Is 15695904817 prime?
True
Is 25278099194 composite?
True
Is 274666498817 a composite number?
False
Is 198691558457 a prime number?
False
Is 1399330403 composite?
False
Is 1111909301 composite?
True
Is 192718130767 a composite number?
True
Is 437089963 composite?
True
Is 2028757081 prime?
False
Is 781411811 prime?
True
Is 6958515353 prime?
False
Is 661553143 a composite number?
True
Is 1525983821 a composite number?
False
Is 3367875911 prime?
True
Is 81900857851 a composite number?
False
Is 2686912589 composite?
False
Is 44638485809 prime?
True
Is 8268487009 a prime number?
True
Is 159295340999 prime?
False
Is 3397483549 a prime number?
True
Is 14132532621 prime?
False
Is 1150673879 prime?
False
Is 33234933089 a prime number?
True
Is 21643093 a prime number?
False
Is 548168087 prime?
False
Is 3911273129 prime?
True
Is 3441500821 a prime number?
False
Is 27783309127 a prime number?
False
Is 1408563259 composite?
False
Is 587442797 a prime number?
True
Is 26607771859 a composite number?
False
Is 23119064113 composite?
False
Is 35030800811 composite?
False
Is 2593651231 a composite number?
False
Is 364287127 prime?
False
Is 8668711027 composite?
True
Is 2178284527 a prime number?
False
Is 9904244503 composite?
False
Is 449592977123 prime?
True
Is 91222657859 a composite number?
False
Is 361862149 a prime number?
False
Is 3984495247 prime?
True
Is 63150821 a prime number?
False
Is 1552381717 composite?
False
Is 13140691643 prime?
False
Is 38351546315 composite?
True
Is 2680075399 a prime number?
True
Is 2086627355 a prime number?
False
Is 79450230631 a prime number?
True
Is 14718210821 composite?
False
Is 19781004682 prime?
False
Is 16161297602 prime?
False
Is 4456013069 prime?
False
Is 1330608187 composite?
False
Is 96738468521 composite?
False
Is 242150317 composite?
False
Is 1879683859 a prime number?
True
Is 4775869141 composite?
True
Is 1185506501 a prime number?
False
Is 2638872739 a prime number?
True
Is 3224931049 a composite number?
True
Is 2814827947 a prime number?
False
Is 8051581381 a composite number?
True
Is 181860277 composite?
False
Is 149686721 prime?
True
Is 1500312683 prime?
False
Is 507414569 composite?
True
Is 7171779929 a composite number?
False
Is 403180873 composite?
True
Is 27852369031 a composite number?
True
Is 1019913941 prime?
False
Is 5792755651 a composite number?
False
Is 1906238429 composite?
True
Is 35139262399 composite?
False
Is 936283417 composite?
True
Is 489963301 composite?
True
Is 4693703851 a prime number?
False
Is 15757908757 a composite number?
False
Is 8756926741 a composite number?
True
Is 1864182641 composite?
True
Is 897057829 a prime number?
False
Is 3714247757 a prime number?
False
Is 8389572053 prime?
True
Is 3466185731 prime?
True
Is 886750493 composite?
True
Is 2978137621 composite?
False
Is 33569975813 a prime number?
False
Is 11699638351 prime?
False
Is 187173607 a prime number?
False
Is 719006935 a prime number?
False
Is 562016089 a composite number?
True
Is 14022907237 a composite number?
True
Is 3215293751 a prime number?
False
Is 165135856703 a composite number?
True
Is 493090937 a prime number?
True
Is 490422739 prime?
False
Is 4526761223 prime?
True
Is 3297634519 a composite number?
False
Is 1560014101 composite?
False
Is 6402516503 prime?
True
Is 54484794347 prime?
True
Is 52604699267 composite?
True
Is 649365797 prime?
True
Is 1333035463 prime?
True
Is 329390221 a composite number?
True
Is 7086430171 a composite number?
True
Is 1146026737 prime?
True
Is 132250676023 a composite number?
True
Is 1432437581 composite?
False
Is 209693579 composite?
True
Is 26322171133 a composite number?
True
Is 542741789 prime?
False
Is 38437387403 a prime number?
False
Is 2847324647 a prime number?
True
Is 1189720619 a prime number?
True
Is 83492163773 composite?
False
Is 2373225383 composite?
False
Is 12502114661 composite?
False
Is 50273965447 prime?
False
Is 1047307445 a composite number?
True
Is 17618847031 a composite number?
True
Is 70754897 a composite number?
False
Is 42919523 a composite number?
True
Is 113684071637 prime?
True
Is 514581257 a composite number?
True
Is 21076414951 a composite number?
True
Is 26532377539 prime?
False
Is 176076367 a prime number?
True
Is 8503023947 prime?
False
Is 9536233549 a prime number?
False
Is 9402361499 composite?
False
Is 250005194 a prime number?
False
Is 1403572565 a prime number?
False
Is 1490351581 a composite number?
False
Is 1983914819 prime?
True
Is 966946811 prime?
False
Is 99834241 composite?
True
Is 75256713263 composite?
True
Is 42194179 prime?
True
Is 28022751817 prime?
True
Is 41327774941 composite?
False
Is 2399702402 a prime number?
False
Is 639289103 prime?
True
Is 20457364757 a prime number?
True
Is 11709415195 a prime number?
False
Is 22749344641 prime?
True
Is 20617728787 prime?
True
Is 1679414753 composite?
False
Is 523826777 a prime number?
False
Is 25896684173 a composite number?
True
Is 863533049 composite?
True
Is 54617101313 composite?
True
Is 61955180101 composite?
True
Is 7746562319 a composite number?
False
Is 3160846771 composite?
True
Is 4729522601 prime?
False
Is 579947987 a prime number?
True
Is 1684442687 a composite number?
True
Is 7259237087 a prime number?
True
Is 834774841 a prime number?
True
Is 18791152799 a composite number?
False
Is 19469785319 prime?
True
Is 14614774583 a prime number?
True
Is 2225330999 a composite number?
False
Is 39600163 a composite number?
True
Is 4484217671 a prime number?
False
Is 20277128933 prime?
True
Is 101747563573 prime?
True
Is 504031859 composite?
True
Is 502220089 a composite number?
True
Is 1767904129 a prime number?
True
Is 22530503821 a prime number?
False
Is 4749869699 a composite number?
True
Is 16484151251 prime?
True
Is 13121632633 a composite number?
False
Is 533754791 composite?
False
Is 2264229397 a prime number?
True
Is 27004629017 prime?
False
Is 151005563 a composite number?
False
Is 263009500537 prime?
False
Is 17397693217 a prime number?
True
Is 1686910957 prime?
True
Is 12798964423 a composite number?
True
Is 6962806303 a composite number?
True
Is 3113460377 prime?
True
Is 1866468673 composite?
True
Is 87659035 prime?
False
Is 22115347 a prime number?
False
Is 44781599 a composite number?
False
Is 38935246487 prime?
True
Is 113152223 prime?
True
Is 481208333 prime?
False
Is 31075747763 a prime number?
True
Is 305743106293 a composite number?
True
Is 3927852967 composite?
True
Is 10592450969 a composite number?
True
Is 189318617609 a composite number?
True
Is 146667247 composite?
False
Is 33187512719 a prime number?
False
Is 579249383 a composite number?
False
Is 7677509419 a composite number?
True
Is 36651633947 a composite number?
False
Is 126084821881 a composite number?
True
Is 63142665109 a prime number?
True
Is 1839202037 prime?
False
Is 12497435051 composite?
True
Is 334318459 prime?
True
Is 6948212519 a prime number?
False
Is 282348149 prime?
True
Is 83900743273 prime?
False
Is 10412770757 a prime number?
True
Is 7496598553 a composite number?
False
Is 291513143 a prime number?
False
Is 32135773213 a prime number?
False
Is 1684973137 a prime number?
True
Is 2186427241 prime?
False
Is 15555459287 composite?
False
Is 12465044039 prime?
False
Is 604751899 a composite number?
True
Is 1276864207 a composite number?
False
Is 1640271257 composite?
False
Is 40059757 prime?
False
Is 796372895921 a composite number?
False
Is 385747738 a prime number?
False
Is 8821009943 prime?
True
Is 1045027999 composite?
False
Is 3465753271 a prime number?
True
Is 2095546731 a prime number?
False
Is 53535393811 composite?
True
Is 743903957 a prime number?
True
Is 4452941483 a composite number?
True
Is 115823462597 a prime number?
True
Is 72849688937 composite?
True
Is 3354731729 a composite number?
False
Is 11047206869 prime?
True
Is 12980970421 a composite number?
False
Is 24525592463 composite?
False
Is 965362837 composite?
False
Is 706596641 prime?
True
Is 57379577677 a prime number?
False
Is 184851653 prime?
False
Is 15045793861 a prime number?
False
Is 2266774129 composite?
True
Is 8509238233 prime?
True
Is 1902784661 prime?
True
Is 117801340619 a composite number?
False
Is 145819603 a composite number?
False
Is 23968735561 prime?
True
Is 7672656349 a 